{"id":1324,"date":"2019-06-17T11:04:54","date_gmt":"2019-06-17T11:04:54","guid":{"rendered":"http:\/\/meumon.synology.me\/museu\/?page_id=1324"},"modified":"2024-03-22T09:43:04","modified_gmt":"2024-03-22T09:43:04","slug":"44v-la-vida","status":"publish","type":"page","link":"http:\/\/meumon.synology.me\/museu\/4-inventari-tot\/44-la-terra\/44v-la-vida\/","title":{"rendered":"44V La vida"},"content":{"rendered":"<p><a href=\"http:\/\/meumon.synology.me\/museu\/4-inventari-tot\/44-la-terra\/\">La terra i la vida<\/a> |\u00a0 <a href=\"http:\/\/meumon.synology.me\/museu\/4-inventari-tot\/44-la-terra\/44t-la-terra\/\">Geografia<\/a> |\u00a0 <a href=\"http:\/\/meumon.synology.me\/museu\/la-terra-evolucio-biologia-i-canvis-geologics\/\">Evoluci\u00f3<\/a> |\u00a0\u00a0 La Vida<\/p>\n<ul>\n<li>\u00a0<a href=\"http:\/\/meumon.synology.me\/museu\/4-inventari-tot\/44-la-terra\/44v-la-vida\/#vidavoltant\">La vida que trobem<\/a>\u00a0 al <a href=\"http:\/\/meumon.synology.me\/museu\/la-vida-que-trobem-al-voltant\/\">voltant<\/a>\u00a0 <a href=\"http:\/\/meumon.synology.me\/museu\/4-inventari-tot\/44-la-terra\/44v-la-vida\/la-vida-especies\/\">Llista d&#8217;esp\u00e8cies<\/a> (i col\u00b7lecci\u00f3 museu) <a href=\"http:\/\/meumon.synology.me\/museu\/arbre-de-la-vida\/\">Arbre de la vida<\/a>\u00a0 <a href=\"http:\/\/meumon.synology.me\/museu\/taxonomia-clades\/\">Taxonomia<\/a>.<\/li>\n<li>[<a href=\"http:\/\/meumon.synology.me\/museu\/4-inventari-tot\/44-la-terra\/44v-la-vida\/#pensarlavida\">Laboratoris<\/a>] Preguntes, determinar les parts i processos dels organismes.\u00a0 <a href=\"http:\/\/meumon.synology.me\/museu\/estudiar-la-vida\/\">Estudiar la vida<\/a>. <a href=\"http:\/\/meumon.synology.me\/museu\/4-inventari-tot\/42-cultura\/426-ciencies\/ciencies-de-la-vida\/\">Ci\u00e8ncies de la vida<\/a>: observar, mirar al microscopi, experimentar.<\/li>\n<li>[<a href=\"http:\/\/meumon.synology.me\/museu\/4-inventari-tot\/44-la-terra\/44v-la-vida\/#legovida\">estructures i processos complexes<\/a>] <a href=\"http:\/\/meumon.synology.me\/museu\/3500-primeres-formes-de-vida\/\">Origen de la vida<\/a>. <a href=\"http:\/\/meumon.synology.me\/museu\/la-cel%c2%b7lula\/\"><strong>La c\u00e8l\u00b7lula<\/strong><\/a>. <strong>Organismes<\/strong> <a href=\"http:\/\/meumon.synology.me\/museu\/la-reproduccio\/\">Reproducci\u00f3<\/a> i generaci\u00f3 d&#8217;un nou organisme |\u00a0\u00a0 <a href=\"http:\/\/meumon.synology.me\/museu\/fisiologia-metabolisme-d-organismes\/\">Fisiologia<\/a>\u00a0 |\u00a0 <a href=\"http:\/\/meumon.synology.me\/museu\/regulacio-sistema-nervios-i-conducta\/\">Regulaci\u00f3, sistema nervi\u00f3s i conducta<\/a>. <strong>Esp\u00e8cies<\/strong>: <a href=\"http:\/\/meumon.synology.me\/museu\/herencia\/\">Her\u00e8ncia<\/a>. <a href=\"http:\/\/meumon.synology.me\/museu\/3500-primeres-formes-de-vida\/\">Origen de la vida<\/a>. <a href=\"http:\/\/meumon.synology.me\/museu\/la-terra-evolucio-biologia-i-canvis-geologics\/\">Evoluci\u00f3<\/a>.<\/li>\n<li><a href=\"http:\/\/meumon.synology.me\/museu\/4-inventari-tot\/44-la-terra\/44v-la-vida\/#reflexiovida\">Pensar la vida<\/a>\u00a0 Qu\u00e8 \u00e9s la vida?\u00a0 Els altres museus de ci\u00e8ncies naturals. Q\u00fcestions. Contemplaci\u00f3<\/li>\n<\/ul>\n<div id=\"vidavoltant\">\n<hr \/>\n<p><a href=\"http:\/\/meumon.synology.me\/museu\/la-vida-que-trobem-al-voltant\/\">LA VIDA QUE TROBEM AL VOLTANT<\/a> [anem d&#8217;excursi\u00f3]<\/p>\n<\/div>\n<p>Quines plantes i animals trobem al barri, quan anem d&#8217;excursi\u00f3 o de viatge? Set <a href=\"http:\/\/meumon.synology.me\/museu\/la-terra-habitats\/\">h\u00e0bitats<\/a>\u00a0 b\u00e0sics, fred, muntanya, temperat, desert, tropical, rius, mar, <a href=\"http:\/\/meumon.synology.me\/museu\/444-ecoregions\/\">867 ecoregions<\/a> de <a href=\"http:\/\/meumon.synology.me\/museu\/444-biomes-i-ecoregions\/\">15 biomes<\/a>, tres <a href=\"http:\/\/meumon.synology.me\/museu\/mapa-de-vegetacio-de-catalunya\/\">paisatges a Catalunya<\/a>. <a href=\"http:\/\/meumon.synology.me\/museu\/4-inventari-tot\/44-la-terra\/44t-la-terra\/44t-geografia\/consulta-corine\/?tipus=inici\">BD Corinne<\/a>. Al <a href=\"http:\/\/meumon.synology.me\/museu\/4-inventari-tot\/44-la-terra\/44v-la-vida\/la-vida-especies\/\">muesuet<\/a> (llista esp\u00e8cies): bolets, algues, molses, falgueres, pins, plantes amb flor; meduses, cucs, mol\u00b7luscs, crustacis i insectes, peixos, amfibis, r\u00e8ptils, ocells, mam\u00edfers.<br \/>\nQu\u00e8 descobrim quan podem mirar amb un microscopi?<br \/>\nA quins jardins i museus la podem con\u00e8ixer millor?<\/p>\n<div id=\"pensarlavida\">\n<hr \/>\n<p><a href=\"http:\/\/meumon.synology.me\/museu\/estudiar-la-vida\/\">ESTUDIAR LA VIDA<\/a>, PREGUNTES, <a href=\"http:\/\/meumon.synology.me\/museu\/4-inventari-tot\/42-cultura\/426-ciencies\/ciencies-de-la-vida\/\">CI\u00c8NCIES DE LA VIDA<\/a> [al laboratori, determinar les parts i processos de la vida]<\/p>\n<\/div>\n<ul>\n<li>Classificaci\u00f3<\/li>\n<li>Com neixen els animals i plantes? Es poden barrejar? Com va comen\u00e7ar la vida?<\/li>\n<li>Conreu i ramaderia, com creixen? com es transforma l&#8217;aliment inanimat en part del cos?<\/li>\n<li>Qu\u00e8 \u00e9s la vida?<\/li>\n<\/ul>\n<p><a href=\"http:\/\/meumon.synology.me\/museu\/ciencies-de-la-vida-fins-s16\/\">Ci\u00e8ncies de la vida fins sXVI<\/a>. Observant amb els ulls, herbaris, il\u00b7lustracions. Arist\u00f2til.\u00a0 Escala dels \u00e9ssers, \u00e0nima nutritiva en tots els \u00e9ssers vius. \u00c0nima sensitiva en els animals. Herbaris. A partir de 1500, esp\u00e8cies del nou m\u00f3n. Unes 500 esp\u00e8cies animals i 500 plantes.<\/p>\n<p><a href=\"http:\/\/meumon.synology.me\/museu\/ciencies-de-la-vida-segles-xvii-i-xviii\/\">Ci\u00e8ncies de la vida segles XVII i XVIII<\/a>. Observant amb el microscopi Hooke i Leeuvenhoek. Jardins bot\u00e0nics. 1757 <a href=\"http:\/\/meumon.synology.me\/museu\/linneu-systema-naturae\/\">Linneu<\/a> 4326 animals i unes 6.000 plantes. Reproducci\u00f3 sexual de les plantes. Reproducci\u00f3, respiraci\u00f3 i nutrici\u00f3 en tots els \u00e9ssers vius. Descartes veu els animals com mecanismes complexos.<\/p>\n<ul>\n<li>els organismes, estan formats per teixits i c\u00e8l\u00b7lules?<\/li>\n<li>els processos de la vida, s\u00f3n processos qu\u00edmics?<\/li>\n<li>qu\u00e8 es transmet i qu\u00e8 no per her\u00e8ncia?<\/li>\n<li>Com expliquem la diversitat d&#8217;esp\u00e8cies i les que s&#8217;han extingit que presenta la paleontologia?<\/li>\n<\/ul>\n<p><a href=\"http:\/\/meumon.synology.me\/museu\/ciencies-de-la-vida-sxix\/\">Ci\u00e8ncies de la vida. sXIX<\/a> Museus de ci\u00e8ncies naturals, Zool\u00f2gics. Microscopis millorats. Microorganismes. Teoria cel\u00b7lular de Schwann. Divisi\u00f3 cel\u00b7lular per mitosi i meiosi.<strong> Qu\u00edmica de la vida<\/strong>: Respiraci\u00f3 i digesti\u00f3 en animals. Fotos\u00edntesi a les plantes.\u00a0 <strong>Teoria de l&#8217;evoluci\u00f3<\/strong>. Mendel i her\u00e8ncia. Unes 300m esp\u00e8cies de plantes i 400m d&#8217;animals identificades.<\/p>\n<ul>\n<li>Quines s\u00f3n les mol\u00e8cules de la vida? Com es sintetitza una macromol\u00e8cula de tanta complexitat com les prote\u00efnes?<\/li>\n<li>Com es relacionen entre s\u00ed? equilibri i ecologia]<\/li>\n<\/ul>\n<p><a href=\"http:\/\/meumon.synology.me\/museu\/ciencies-de-la-vida-sxx\/\">Ci\u00e8ncies de la vida. sXX-sXXI<\/a>. Raigs X, cultius de c\u00e8l\u00b7lules. Gl\u00facids, L\u00edpids, greixos, prote\u00efnes. Cromosomes, DNA. Bacteris, mitocondries i cloroplasts, genoma, edici\u00f3 de gens. Ecologia. Unes 390m plantes i 1.7M d&#8217;animals amb una estimaci\u00f3 de 10M possibles.<\/p>\n<div id=\"legovida\">\n<hr \/>\n<h2>La vida: Estructures i processos complexes<\/h2>\n<p><em>La vida: un conjunt d&#8217;estructures\u00a0 i processos formant una c\u00e8l\u00b7lula, o conjunt de c\u00e8l\u00b7lules, que creix i es renova fabricant components a partir de nutrients i energia que obt\u00e9 del medi ambient. [Anem construint peces cada cop m\u00e9s complexes seguint una mica l&#8217;evoluci\u00f3 de les esp\u00e8cies i l&#8217;arbre de la vida que ens ha deixat].<br \/>\n<\/em><\/p>\n<p>[<a href=\"http:\/\/meumon.synology.me\/museu\/3500-primeres-formes-de-vida\/\">Origen de la vida<\/a>] [ qu\u00e8 \u00e9s la vida?] el pas de la qu\u00edmica a la vida]<\/p>\n<\/div>\n<p><a href=\"http:\/\/meumon.synology.me\/museu\/la-cel%c2%b7lula\/\"><strong>La c\u00e8l\u00b7lula<\/strong><\/a><strong>:<\/strong><\/p>\n<ul>\n<li><a href=\"http:\/\/meumon.synology.me\/museu\/la-cel%c2%b7lula\/#intro\">Introducci\u00f3<\/a> tota la vida consisteix i t\u00e9 lloc a les c\u00e8l\u00b7lules.<\/li>\n<li><a href=\"http:\/\/meumon.synology.me\/museu\/la-cel%c2%b7lula\/#partsfuncions\">Parts i funcions<\/a>: membrana i citoplasma, material gen\u00e8tic, ribosomes, mitocondris, cloroplasts. Cicle de vida, mitosi.<\/li>\n<li>Metabolisme: <a href=\"http:\/\/meumon.synology.me\/museu\/la-cel%c2%b7lula\/#catabolisme\">Catabolisme<\/a>, fotos\u00edntesi, gluc\u00f2lisi, respiraci\u00f3. Reaccions qu\u00edmiques per obtenir components i energia. La ruta catab\u00f2lica degrada les grans mol\u00e8cules ingerides (prote\u00efnes, polisac\u00e0rids i l\u00edpids) a components (amino\u00e0cids, pentoses i \u00e0cids grassos), a acetil-CoA i finalment a NH<sub>3<\/sub>, H<sub>2<\/sub>O i CO<sub>2<\/sub>. <a href=\"http:\/\/meumon.synology.me\/museu\/la-cel%c2%b7lula\/#anabolisme\">Anabolisme<\/a> : bios\u00edntesi (gl\u00facids i l\u00edpids, amino\u00e0cids i prote\u00efnes, nucle\u00f2tids) moviment, transport. \u00a0<a href=\"http:\/\/meumon.synology.me\/museu\/la-cel%c2%b7lula\/#autoreplicacio\">Autoreplicaci\u00f3<\/a> (Duplicaci\u00f3, morfog\u00e8nesi, mitosi), transcripci\u00f3. Codi gen\u00e8tic.<\/li>\n<li><a href=\"http:\/\/meumon.synology.me\/museu\/la-cel%c2%b7lula\/#altres\">Altres<\/a>: la c\u00e8l\u00b7lula, com a arquitecte de la vida.<\/li>\n<\/ul>\n<p><strong>Organismes<\/strong><\/p>\n<ul>\n<li><a href=\"http:\/\/meumon.synology.me\/museu\/la-reproduccio\/\">Reproducci\u00f3<\/a> i generaci\u00f3 d&#8217;un nou organisme : <a href=\"http:\/\/meumon.synology.me\/museu\/la-reproduccio\/#asexual\">asexual<\/a>, <a href=\"http:\/\/meumon.synology.me\/museu\/la-reproduccio\/#sexual\">sexual<\/a>, <a href=\"http:\/\/meumon.synology.me\/museu\/la-reproduccio\/#aspectesevolutius\">aspectes evolutius<\/a>\u00a0<a href=\"http:\/\/meumon.synology.me\/museu\/la-reproduccio\/#diferenciacio\">Diferenciaci\u00f3 i teixits<\/a>: la societat de c\u00e8l\u00b7lules. <a href=\"http:\/\/meumon.synology.me\/museu\/la-reproduccio\/#creixement\">Creixement<\/a>, Tres fulls embrionaris. <a href=\"http:\/\/meumon.synology.me\/museu\/la-reproduccio\/#vegetals\">Vegetals<\/a>, <a href=\"http:\/\/meumon.synology.me\/museu\/la-reproduccio\/#animals\">Animals<\/a>, teixits, \u00f2rgans, tipus fonamentals.<\/li>\n<li>Fisiologia: \u00a0 <a href=\"http:\/\/meumon.synology.me\/museu\/fisiologia-de-les-plantes\/\">Fisiologia, metabolisme d&#8217;organismes<\/a>. Introducci\u00f3. Respiraci\u00f3<a href=\"http:\/\/meumon.synology.me\/museu\/fisiologia-metabolisme-d-organismes\/#vegetal\"> Fisiologia vegetal<\/a> Nutrici\u00f3, transport xilema i floema, excreci\u00f3. <a href=\"http:\/\/meumon.synology.me\/museu\/fisiologia-metabolisme-d-organismes\/#animal\">Fisiologia animal<\/a>. Digesti\u00f3 extracel\u00b7lular. Excreci\u00f3. Respiraci\u00f3. Transport. M\u00fasculs.<\/li>\n<li><span style=\"color: #000000;\"><a style=\"color: #000000;\" href=\"http:\/\/meumon.synology.me\/museu\/regulacio-sistema-nervios-i-conducta\/\">Regulaci\u00f3, sistema nervi\u00f3s i conducta<\/a>\u00a0 Regulaci\u00f3 hormonal. <a style=\"color: #000000;\" href=\"http:\/\/meumon.synology.me\/museu\/regulacio-sistema-nervios-i-conducta\/#sentits\">Els sentits<\/a>, interacci\u00f3 amb senyals. <a style=\"color: #000000;\" href=\"http:\/\/meumon.synology.me\/museu\/regulacio-sistema-nervios-i-conducta\/#snervios\">Sistema nervi\u00f3s<\/a>, senyal, sistema, aprenentatge i mem\u00f2ria. <a style=\"color: #000000;\" href=\"http:\/\/meumon.synology.me\/museu\/regulacio-sistema-nervios-i-conducta\/#conducta\">Conducta<\/a> Cicles vitals, pautes de comportament. Moviment, conductes heretada, adquirida i aprenentatge, social, etiologia.<\/span><\/li>\n<\/ul>\n<p><strong>Esp\u00e8cies<br \/>\n<\/strong><\/p>\n<p>[Quantes menes de vida hi ha? Hi ha molta varietat i alhora es mantenen fixes\u00a0 caracter\u00edstiques de generaci\u00f3 a generaci\u00f3. Aquesta estabilitat, que va remarcar <a href=\"http:\/\/meumon.synology.me\/museu\/schrodinger-what-is-life\/\">Schr\u00f6dinger<\/a>, es basa en els processos d&#8217;<a href=\"http:\/\/meumon.synology.me\/museu\/la-cel%c2%b7lula\/#autoreplicacio\">autoreplicaci\u00f3<\/a> i <a href=\"http:\/\/meumon.synology.me\/museu\/la-reproduccio\/\">reproducci\u00f3<\/a>. Les caracter\u00edstiques estables que es mantenen permeten definir el que \u00e9s una <strong>esp\u00e8cie<\/strong> (quan \u00e9s viable una descend\u00e8ncia):]<\/p>\n<ul>\n<li><a href=\"http:\/\/meumon.synology.me\/museu\/herencia\/\">Her\u00e8ncia<\/a>: Procariotes. Eucariotes. Lleis de Mendel. Sexe. Mutacions. Clonaci\u00f3. Domesticaci\u00f3.<\/li>\n<li><a href=\"http:\/\/meumon.synology.me\/museu\/la-terra-evolucio-biologia-i-canvis-geologics\/\">Evoluci\u00f3<\/a>. Les esp\u00e8cies poden mutar i evolucionar, (<a href=\"http:\/\/meumon.synology.me\/museu\/teoria-de-levolucio-de-darwin\/\">Teoria de l&#8217;evoluci\u00f3<\/a>). Amb la paleontologia podem reconstruir l&#8217;<a href=\"http:\/\/meumon.synology.me\/museu\/arbre-de-la-vida\/\">arbre de la vida<\/a>.\u00a0 Aix\u00ed, si inicialment es van classificar comparant les caracter\u00edstiques externes, a partir que va quedar establerta l&#8217;evoluci\u00f3 com a explicaci\u00f3 de l&#8217;aparici\u00f3 de les esp\u00e8cies, es classificaran segons el seu origen: <a href=\"http:\/\/meumon.synology.me\/museu\/taxonomia-clades\/\">taxonomia, clades<\/a>.<br \/>\nHi ha uns tipus fonaments d&#8217;organisme, bacteris, <a href=\"http:\/\/meumon.synology.me\/museu\/la-reproduccio\/#vegetals\">vegetals<\/a>, algues, molses, plantes vasculars, amb flor,\u00a0 <a href=\"http:\/\/meumon.synology.me\/museu\/la-reproduccio\/#animals\">animals<\/a>, celenterats, cucs, mol\u00b7luscs, artr\u00f2podes, vertebrats. [\u00e9s com si la vida hagu\u00e9s anat explorant i descobrint diferents maneres de posar en marxa la bella i complexa &#8220;coreografia de la vida&#8221;]. Aix\u00ed tenim (<a href=\"http:\/\/meumon.synology.me\/museu\/4-inventari-tot\/44-la-terra\/44v-la-vida\/#nombreespecies\">arbre de la vida<\/a>, nombre esp\u00e8cies) una estimaci\u00f3 de 70m Protistes, 100m bolets, 350m plantes, 150m invertebrats no articulats, 1120m artr\u00f2podes i 49m vertebrats. \u00c9s un llarg cam\u00ed des dels 500 animals i 500 plantes, descrites per Arist\u00f2til, 4326 animals\u00a0 i 6000 catalogats per <a href=\"http:\/\/meumon.synology.me\/museu\/linneu-systema-naturae\/\">Linneu<\/a>, 300m i 400m al s19 gr\u00e0cies al microscopi (<a href=\"http:\/\/meumon.synology.me\/museu\/estudiar-la-vida\/\">Estudiar la vida<\/a>).<\/li>\n<\/ul>\n<div id=\"reflexiovida\">\n<hr \/>\n<p><a href=\"http:\/\/meumon.synology.me\/museu\/pensar-la-vida\/\">Pensar la vida<\/a>: Qu\u00e8 \u00e9s? Creixement, reproducci\u00f3. Ordre complex lluny de l&#8217;equilibri termodin\u00e0mic. Membrana i individuaci\u00f3. Els museus de ci\u00e8ncies naturals.<\/p>\n<\/div>\n<p><a href=\"http:\/\/meumon.synology.me\/museu\/la-vida-questions\/\">Q\u00fcestions<\/a>: L\u00edmits de les explicacions que tenim. Frontera animal-\u00e9ssers humans. Drets dels animals. Biodiversitat.<\/p>\n<p><a href=\"http:\/\/meumon.synology.me\/museu\/la-vida-contemplacio\/\">Contemplaci\u00f3<\/a>: La cont\u00ednua restauraci\u00f3 de l&#8217;ordre, el cos en constant reconstrucci\u00f3. La diversitat del m\u00f3n viu. La meva continu\u00eftat amb tot el vivent. Art i natura.<\/p>\n<hr \/>\n<p><a href=\"http:\/\/meumon.synology.me\/museu\/descarregables\/llibret\/llibret13arbrevida.pdf\">full13<\/a><\/p>\n","protected":false},"excerpt":{"rendered":"<p>La terra i la vida |\u00a0 Geografia |\u00a0 Evoluci\u00f3 |\u00a0\u00a0 La Vida \u00a0La vida que trobem\u00a0 al voltant\u00a0 Llista d&#8217;esp\u00e8cies (i col\u00b7lecci\u00f3 museu) Arbre de la vida\u00a0 Taxonomia. [Laboratoris] Preguntes, determinar les parts i processos dels organismes.\u00a0 Estudiar la vida. Ci\u00e8ncies de la vida: observar, mirar al microscopi, experimentar. [estructures i processos complexes] Origen de &hellip; <\/p>\n<p class=\"link-more\"><a href=\"http:\/\/meumon.synology.me\/museu\/4-inventari-tot\/44-la-terra\/44v-la-vida\/\" class=\"more-link\">Continue reading<span class=\"screen-reader-text\"> &#8220;44V La vida&#8221;<\/span><\/a><\/p>\n","protected":false},"author":1,"featured_media":0,"parent":952,"menu_order":0,"comment_status":"closed","ping_status":"closed","template":"","meta":{"footnotes":""},"_links":{"self":[{"href":"http:\/\/meumon.synology.me\/museu\/wp-json\/wp\/v2\/pages\/1324"}],"collection":[{"href":"http:\/\/meumon.synology.me\/museu\/wp-json\/wp\/v2\/pages"}],"about":[{"href":"http:\/\/meumon.synology.me\/museu\/wp-json\/wp\/v2\/types\/page"}],"author":[{"embeddable":true,"href":"http:\/\/meumon.synology.me\/museu\/wp-json\/wp\/v2\/users\/1"}],"replies":[{"embeddable":true,"href":"http:\/\/meumon.synology.me\/museu\/wp-json\/wp\/v2\/comments?post=1324"}],"version-history":[{"count":0,"href":"http:\/\/meumon.synology.me\/museu\/wp-json\/wp\/v2\/pages\/1324\/revisions"}],"up":[{"embeddable":true,"href":"http:\/\/meumon.synology.me\/museu\/wp-json\/wp\/v2\/pages\/952"}],"wp:attachment":[{"href":"http:\/\/meumon.synology.me\/museu\/wp-json\/wp\/v2\/media?parent=1324"}],"curies":[{"name":"wp","href":"https:\/\/api.w.org\/{rel}","templated":true}]}}