{"id":1505,"date":"2019-09-01T10:46:03","date_gmt":"2019-09-01T10:46:03","guid":{"rendered":"http:\/\/meumon.synology.me\/museu\/?page_id=1505"},"modified":"2026-02-11T11:18:34","modified_gmt":"2026-02-11T11:18:34","slug":"424-dansa","status":"publish","type":"page","link":"http:\/\/meumon.synology.me\/museu\/4-inventari-tot\/42-cultura\/424-teatre-cinema-dansa\/424-dansa\/","title":{"rendered":"424 Dansa"},"content":{"rendered":"<p><a href=\"http:\/\/meumon.synology.me\/museu\/4-inventari-tot\/42-cultura\/424-teatre-cinema-dansa\/\">Teatre, Cinema, Dansa<\/a>\u00a0 |\u00a0 La Dansa\u00a0 | \u00a0<a href=\"http:\/\/meumon.synology.me\/museu\/historia-de-la-dansa\/\">Hist\u00f2ria de la dansa<\/a> | El ballet, <a href=\"http:\/\/meumon.synology.me\/museu\/4-inventari-tot\/42-cultura\/424-teatre-cinema-dansa\/424-dansa\/424-historia-del-ballet\/\">hist\u00f2ria<\/a>\u00a0 <a href=\"http:\/\/meumon.synology.me\/museu\/ballet-posicions-i-moviments\/\">posicions i moviments<\/a> |\u00a0 <a href=\"http:\/\/meumon.synology.me\/museu\/el-musical\/\">El musical<\/a> \u00a0 |\u00a0\u00a0 <a href=\"http:\/\/meumon.synology.me\/museu\/estudi-de-la-dansa\/\">Estudi de la dansa<\/a>\u00a0\u00a0 |\u00a0\u00a0 Danses participatives: el <a href=\"http:\/\/meumon.synology.me\/museu\/category\/sistemes\/obrescultura\/dansa\/swing\/\">swing<\/a>, la <a href=\"http:\/\/meumon.synology.me\/museu\/category\/sistemes\/obrescultura\/dansa\/dansa-urbana\/\">dansa urbana<\/a>\u00a0 |\u00a0 Altres | El que he vist i el que he ballat\u00a0 | <a href=\"http:\/\/meumon.synology.me\/museu\/4-inventari-tot\/42-cultura\/424-teatre-cinema-dansa\/424-dansa\/424-danses-draft\/\">posts cronol\u00f2gic<\/a>\u00a0 |\u00a0\u00a0\u00a0 <a href=\"http:\/\/meumon.synology.me\/museu\/4-inventari-tot\/42-cultura\/424-teatre-cinema-dansa\/424-dansa\/424-danses-per-categoria\/\">posts categoria<\/a><\/p>\n<p><a href=\"http:\/\/meumon.synology.me\/museu\/fonsimatges\/illustracions\/424Dansa.jpg\" target=\"_blank\" rel=\"noopener noreferrer\"><img decoding=\"async\" loading=\"lazy\" class=\"alignnone\" src=\"http:\/\/meumon.synology.me\/museu\/fonsimatges\/illustracions\/424Dansa.jpg\" alt=\"\" width=\"2476\" height=\"1761\" \/><\/a><\/p>\n<hr \/>\n<ul>\n<li>L&#8217;experi\u00e8ncia de la la dansa, com a participant, com a espectador.<\/li>\n<li>un recorregut per la <a href=\"http:\/\/meumon.synology.me\/museu\/historia-de-la-dansa\/\">hist\u00f2ria<\/a> de la dansa, per tenir una idea general, v\u00eddeos il\u00b7lustrant les danses tribals i \u00e8tniques, folk, les danses a la cort, el ballet, el ball social, els musicals.\n<ul>\n<li>el ballet<\/li>\n<li>els musicals<\/li>\n<li>el swing<\/li>\n<\/ul>\n<\/li>\n<li>estudi de la dansa, una escola on iniciar-se, entrenament del cos, passos, coreografia<\/li>\n<li>una reflexi\u00f3 sobre qu\u00e8 \u00e9s la dansa, forma abstracta o expressi\u00f3 dram\u00e0tica<\/li>\n<li>Viure la dansa:\n<ul>\n<li>un programa de representacions de ballet als principals teatres.<\/li>\n<li>un programa de representacions de musicals [ Broadway, West End ]<\/li>\n<li>un programa de festes on participar: sardanes, balls d&#8217;envelat de festa major, els valsos a l&#8217;\u00d2pera de Viena, el Savoy, la Ciutadella, l&#8217;Apolo ]<\/li>\n<\/ul>\n<\/li>\n<\/ul>\n<hr \/>\n<p>(1) INICI<\/p>\n<p>Quina experi\u00e8ncia tenim de la dansa?<\/p>\n<p><a href=\"http:\/\/meumon.synology.me\/museu\/el-que-he-ballat\/\">Qu\u00e8 hem ballat?<\/a> \u00a0 festes d&#8217;amics, festes majors, discoteques, concerts<\/p>\n<p><a href=\"http:\/\/meumon.synology.me\/museu\/musicals-que-he-vist\/\">Qu\u00e8 hem vist?<\/a> \u00a0\u00a0 espectacles de dansa, v\u00eddeoclips, musicals<\/p>\n<p>Hi ha b\u00e0sicament dues menes de dansa, la\u00a0 participativa, que pot fer tothom, i la teatral, que t\u00e9 executants experts i espectadors.<\/p>\n<p><iframe loading=\"lazy\" title=\"Saint Petersburg - Mariinsky Theatre - Russia\" width=\"525\" height=\"295\" src=\"https:\/\/www.youtube.com\/embed\/CpMo2N2MeLY?start=577&#038;feature=oembed\" frameborder=\"0\" allow=\"accelerometer; autoplay; clipboard-write; encrypted-media; gyroscope; picture-in-picture; web-share\" referrerpolicy=\"strict-origin-when-cross-origin\" allowfullscreen><\/iframe><\/p>\n<p><iframe loading=\"lazy\" title=\"Swing Xplosion 4 - aftermovie\" width=\"525\" height=\"295\" src=\"https:\/\/www.youtube.com\/embed\/318b_c1pEgs?start=20&#038;feature=oembed\" frameborder=\"0\" allow=\"accelerometer; autoplay; clipboard-write; encrypted-media; gyroscope; picture-in-picture; web-share\" referrerpolicy=\"strict-origin-when-cross-origin\" allowfullscreen><\/iframe><\/p>\n<hr \/>\n<h2>(2) HIST\u00d2RIA DE LA DANSA<\/h2>\n<p>DANSA PARTICIPATIVA<\/p>\n<ul>\n<li>Danses tribals que han anat desapareixent a mesura que ho feien les societats primitives. Es conserven alguns exemples a l&#8217;\u00c0frica, els indis Hopi o ind\u00edgenes a sudam\u00e8rica.<\/li>\n<li>dansa \u00e8tnica [EB cita la polca i el flamenco per\u00f2 diria que estan ja al ball social o dansa de teatre]<\/li>\n<li>les danses populars o folk, sovint en rotllana, com les sardanes. (EB)A Anglaterra la Maypole dance o la Morris dance. Els passos acostumen a ser for\u00e7a simples, variacions de caminar i saltar [ m&#8217;atreviria a dir que, tal com passa amb la m\u00fasica, els moviments cultes s\u00f3n evolucions de moviments populars ] Sovint eren tradicions relacionades amb festes del cicle anual, com la collita.<\/li>\n<li>Danses socials; al renaixement, la basse, als segles 17 i 18, la suite de danses barroca amb el domini del minuet, al 19, el vals i la polca. Al segle 20 hi haur\u00e0 els balls de sal\u00f3 i les danses amb influ\u00e8ncia d&#8217;\u00c0frica, el llat\u00ed i el <a href=\"http:\/\/meumon.synology.me\/museu\/category\/sistemes\/obrescultura\/dansa\/swing\/\">swing<\/a>, seguit del rock&#8217;nroll, el disco i la <a href=\"http:\/\/meumon.synology.me\/museu\/category\/sistemes\/obrescultura\/dansa\/dansa-urbana\/\">dansa urbana<\/a>.<\/li>\n<\/ul>\n<p>DANSA TEATRAL<\/p>\n<ul>\n<li>El <a href=\"http:\/\/meumon.synology.me\/museu\/4-inventari-tot\/42-cultura\/424-teatre-cinema-dansa\/424-dansa\/424-historia-de-la-dansa\/424-historia-del-ballet\/\">ballet<\/a> (EB) , la forma dominant a occident des del 17. Es caracteritza per la forma oberta de les cames, cap elevat, postura erecta amb les espatlles enrera (\u00e9paulement) subratllant la vertical, bra\u00e7os estesos i fluids, passos de puntetes per accentuar la lleugeresa, com desafiant la gravetat. Sovint exhibici\u00f3 de for\u00e7a en els salts o els girs. <a href=\"http:\/\/meumon.synology.me\/museu\/424-el-ballet-modern-1905-1945\/\">El ballet modern<\/a> amb Fokine i Nijinski canviar\u00e0 aquest llenguatge. La dansa moderna rebutjar\u00e0 la t\u00e8cnica del ballet com a artificial. L&#8217;expressionisme d&#8217;Isadora Duncan (1877 &#8211; 1927) i Marta Graham voldr\u00e0 uns moviments m\u00e9s naturals, que obeeixin a &#8220;l&#8217;expressi\u00f3 de l&#8217;esprit huma&#8221;. En lloc de suggerir ingravidesa i equilibri perfecte, revelen el pes del ballar\u00ed, perdre l&#8217;equilibri i caure. A m\u00e9s de les etapes hist\u00f2riques, cada core\u00f2graf pot tenir el seu estil, tipus de moviment que poden ser r\u00e0pid-lent ,\u00a0 simple-complex, tipus d&#8217;energia o atac dur i tallant &#8211; suau i flu\u00efd. [ Altres: les <a href=\"https:\/\/en.wikipedia.org\/wiki\/Adagio_(acrobatics)\">Acrob\u00e0cies Adagio<\/a> on es busca l&#8217;equilibri de la parella]<\/li>\n<li>La dansa cl\u00e0ssica \u00edndia t\u00e9 un context religi\u00f3s. S&#8217;expliquen hist\u00f2ries sobre els d\u00e9us. No hi ha grans despla\u00e7aments ni exhibicions de for\u00e7a sin\u00f3 un elaborat treball de peus, postures fluides del tors i una gran tradici\u00f3 de gestos i actituds (13 gestos del cap, 36 mirades i 67 mudras o gestos de les mans). <a href=\"http:\/\/meumon.synology.me\/museu\/dansa-khmer-i-thai\/\">Dansa khmer i thai<\/a>.<\/li>\n<li>[ la dansa espanyola, el flamenco]<\/li>\n<li>Els <a href=\"http:\/\/meumon.synology.me\/museu\/category\/sistemes\/obrescultura\/dansa\/musicals\/\">musicals<\/a>. Procedent dels espectacles de Vaudeville, als escenaris de Broadway i despr\u00e9s al cinema incorporaran influ\u00e8ncies de m\u00fasica i dansa afroamericana.<\/li>\n<\/ul>\n<p>2A \u2192 <a href=\"http:\/\/meumon.synology.me\/museu\/historia-de-la-dansa\/\">HIST\u00d2RIA DE LA DANSA<\/a><\/p>\n<p>Espectacle: \u00a0 \u00a0 <a href=\"http:\/\/meumon.synology.me\/museu\/dansa-khmer-i-thai\/\">Dansa khmer i thai<\/a> \u00a0 | 2A.1 \u2192\u00a0 <a href=\"http:\/\/meumon.synology.me\/museu\/4-inventari-tot\/42-cultura\/424-teatre-cinema-dansa\/424-dansa\/424-historia-del-ballet\/\">Hist\u00f2ria del ballet<\/a>\u00a0 (selecci\u00f3 <a href=\"http:\/\/meumon.synology.me\/museu\/10-ballets-classics\/\">10 ballets cl\u00e0ssics<\/a>)\u00a0 | 2A.2 \u2192\u00a0 <a href=\"http:\/\/meumon.synology.me\/museu\/el-musical\/\">El musical<\/a>\u00a0 |\u00a0\u00a0 Altres <a href=\"http:\/\/meumon.synology.me\/museu\/ariel-schlesinger-two-good-reasons\/\">Ariel Schlesinger. Two Good Reasons<\/a><\/p>\n<p>Danses participatives: [danses populars, sardanes, sevillanas, jota] [vals i balls de sal\u00f3 pendent], [balls llatins pendent], 2A.3 \u2192 \u00a0 <a href=\"http:\/\/meumon.synology.me\/museu\/swing-musica-i-dansa-1926-1940\/\">Swing, m\u00fasica i dansa, 1926 1940<\/a>, <a href=\"http:\/\/meumon.synology.me\/museu\/dansa-urbana\/\">Dansa urbana<\/a>.\u00a0 [<a href=\"http:\/\/meumon.synology.me\/museu\/islam-heavy\/\">Islam Heavy<\/a> ]<\/p>\n<hr \/>\n<h2>(3) L&#8217;estudi de la dansa<\/h2>\n<p>L&#8217;<a href=\"http:\/\/meumon.synology.me\/museu\/estudi-de-la-dansa\/\">Estudi de la dansa<\/a> cl\u00e0ssica suposa un treball f\u00edsic del cos, aprendre el llenguatge ( <a href=\"http:\/\/meumon.synology.me\/museu\/ballet-posicions-i-moviments\/\">ballet, posicions i moviments<\/a> ) i executar-lo, i saber crear coreografies.<\/p>\n<p><iframe loading=\"lazy\" title=\"The Royal Ballet morning class in full - World Ballet Day 2018\" width=\"525\" height=\"295\" src=\"https:\/\/www.youtube.com\/embed\/FySuVhmb-OY?feature=oembed\" frameborder=\"0\" allow=\"accelerometer; autoplay; clipboard-write; encrypted-media; gyroscope; picture-in-picture; web-share\" referrerpolicy=\"strict-origin-when-cross-origin\" allowfullscreen><\/iframe><\/p>\n<p>Amb els musicals, els passos de jazz i tap dance, tenim un altre llenguatge. I finalment hi hauria l&#8217;aprenentatge dels passos i figures dels balls populars i d&#8217;esbart (com el ball de gitanes de Castellar), i balls de sal\u00f3 com els vals, foxtrot, chachacha, tango, bolero i altres. (<a href=\"http:\/\/meumon.synology.me\/museu\/passes-i-tecnica-danses\/\">Passes i t\u00e8cnica jazz, lindy, tap, ballroom<\/a> ).<\/p>\n<p><iframe loading=\"lazy\" title=\"Steps on Broadway\" width=\"525\" height=\"295\" src=\"https:\/\/www.youtube.com\/embed\/3KHdaJE1CYc?feature=oembed\" frameborder=\"0\" allow=\"accelerometer; autoplay; clipboard-write; encrypted-media; gyroscope; picture-in-picture; web-share\" referrerpolicy=\"strict-origin-when-cross-origin\" allowfullscreen><\/iframe><\/p>\n<p><a href=\"https:\/\/www.youtube.com\/user\/StepsNYC\/videos\">Steps on Broadway<\/a><\/p>\n<p>Podem imaginar doncs, una escola amb un gimn\u00e0s, una sala de ballet cl\u00e0ssic i contemporani, una sala de jazz, i una sala de balls de sal\u00f3.<\/p>\n<hr \/>\n<h2>(4) Reflexions sobre la dansa<\/h2>\n<p>\u2192\u00a0\u00a0 <a href=\"http:\/\/meumon.synology.me\/museu\/pensar-la-dansa\/\">Pensar la dansa<\/a>: Qu\u00e8 \u00e9s la dansa? \u00e9s comuna a tots els humans? qu\u00e8 la fa diferent del moviment normal, del gimn\u00e0s o d&#8217;una desfilada militar?\u00a0 <a href=\"http:\/\/meumon.synology.me\/museu\/valery-prosa-i-poesia-dansa\/\">Paul Val\u00e9ry<\/a> comparava la poesia amb la dansa contraposant-la a la prosa i el moviment normal.<\/p>\n<p>\u00c9s una forma abstracta? ha d&#8217;il\u00b7lustrar una narrativa? ha de ser una expressi\u00f3 dram\u00e0tica? Podem intentar\u00a0<a href=\"http:\/\/meumon.synology.me\/museu\/emocions-a-la-musica-i-la-dansa\/\"> classificar m\u00fasica i dansa segons les emocions<\/a> ?<\/p>\n<p>\u00c9s un afer de joves, com el futbol o la cursa dels 100 metres, o el salt de llargada als jocs ol\u00edmpics? Quan s&#8217;arriba al m\u00e0xim de capacitat del cos i de saviesa de dansa, despr\u00e9s tot \u00e9s decad\u00e8ncia (i t&#8217;has de retirar, com un futbolista)? O b\u00e9 la dansa t&#8217;aporta alguna cosa tota la vida, \u00e9s a dir, que la pena seguir ballant. I pot aportar alguna cosa tota la vida, \u00e9s a dir, que hi pot haver coreografies i balladors que vulguem veure ballar passats els 50 anys?<br \/>\n[El segon any d&#8217;assistir al Prix de Lausanne, em fascinen el talent i la disciplina d&#8217;aquests adolescents i admiro l&#8217;esveltesa i gr\u00e0cia dels seus cossos joves. Al mateix temps per\u00f2, em fixo en la precisi\u00f3 de les indicacions que fan els coachs. Aqu\u00ed tamb\u00e9 hi ha una bellesa i penso que tamb\u00e9 m&#8217;agradaria veure ballar a dones i homes adults i fins i tot grans.\u00a0 (<a href=\"https:\/\/www.internationaladultballetfestival.com\/about-iabf\">festival per a adults<\/a>)<\/p>\n<hr \/>\n<h2>(5) Viure la dansa<\/h2>\n<p><a href=\"http:\/\/meumon.synology.me\/museu\/els-llocs-de-la-dansa\/\">Els llocs de la dansa<\/a>: Tenim les places dels pobles on es ballen les sardanes, on es munten envelats de festa major, on es fan jams de swing. Tenim les sales de ball com l&#8217;Apolo i les discoteques. Tenim\u00a0 els grans teatres d&#8217;\u00f2pera i ballet, els teatres de musicals. Compreu entrades i aneu a ballar o a veure dansa.<\/p>\n<ul>\n<li style=\"list-style-type: none;\">\n<ul>\n<li>un programa de representacions de ballet als principals <a href=\"http:\/\/meumon.synology.me\/museu\/els-llocs-de-la-dansa\/\">teatres<\/a>.<\/li>\n<li>un programa de representacions de musicals, <a href=\"https:\/\/www.broadway.com\/\">Broadway<\/a>, <a href=\"https:\/\/www.londontheatre.co.uk\/whats-on\/musicals\">West End<\/a> .<\/li>\n<li>un programa de festes on participar: sardanes, balls d&#8217;envelat de festa major, els valsos a l&#8217;\u00d2pera de Viena, el Savoy, la Ciutadella, l&#8217;Apolo, <a href=\"https:\/\/www.swingplanit.com\/\">festivals de swing<\/a>.<\/li>\n<\/ul>\n<\/li>\n<\/ul>\n<hr \/>\n<p><em>Notes per classificar: d&#8217;entrada nom\u00e9s defineixo categories quan hi hagi de penjar posts a sota:\u00a0 <a href=\"http:\/\/meumon.synology.me\/museu\/category\/sistemes\/obrescultura\/dansa\/\">Dansa<\/a>\u00a0\u00a0 |\u00a0\u00a0 <a href=\"http:\/\/meumon.synology.me\/museu\/category\/sistemes\/obrescultura\/dansa\/ballet\/\">Ballet<\/a>\u00a0\u00a0 |\u00a0\u00a0 <a href=\"http:\/\/meumon.synology.me\/museu\/category\/sistemes\/obrescultura\/dansa\/musicals\/\">Els musicals<\/a> \u00a0 |\u00a0\u00a0\u00a0<a href=\"http:\/\/meumon.synology.me\/museu\/category\/sistemes\/obrescultura\/dansa\/swing\/\">Swing<\/a> |\u00a0 <a href=\"http:\/\/meumon.synology.me\/museu\/category\/sistemes\/obrescultura\/dansa\/dansa-urbana\/\">Dansa urbana<\/a>. El folk, la dansa social antiga queden explicades a la hist\u00f2ria general de la dansa.\u00a0 La categoria &#8220;Musicals&#8221; inclou tant el Broadway blanc com el negre, Fred astaire i els Nicholas Brothers. Far\u00e9 servir el tag\u00a0 <a href=\"http:\/\/meumon.synology.me\/museu\/tag\/afroamerica\/\">afroameric\u00e0<\/a>, per assenyalar els ballarins d&#8217;escenari negres i els balls de swing. <\/em><\/p>\n<p>Materials: <a href=\"https:\/\/www.britannica.com\/art\/dance\">E Britannica<\/a>,\u00a0 <a href=\"https:\/\/www.dancemagazine.com\/\">Dance Magazine<\/a><\/p>\n<p><a href=\"https:\/\/www.dhmd.de\/ausstellungen\/rueckblick\/tanz\/\">Exposici\u00f3 del DHMD<\/a>: Wie uns und die Welt bewegen:<\/p>\n<ul>\n<li>1. ARCHIVE. ENZYKLOP\u00c4DIEN DER BEWEGUNG: Inspiration. A damsel in distress, Singin&#8217; in the rain, West Side Story, Michael Jackson the way you make me feel, It&#8217; s quiet Bjork, Billy Elliot. Mary Wigman.<\/li>\n<li>2. GRENZVERSCHIEBUNGEN. SICH WANDELNDE K\u00d6PERBILDER. Der K\u00f6rper ist das wichtigste Instrument einer T\u00e4nzerin und eines T\u00e4nzers. In keiner anderen Kunstform verbindet sich die Wahrnehmung des Werkes so unmittelbar mit seinem Erschaffenden.\u00a0 Propostes de core\u00f2grafs que modifiquen la visi\u00f3 del cos: Xavier Le Roy, Madonna, David Bowie, Jos\u00e9phine Baker.<\/li>\n<li>3. ZWISCHEN HIMMEL UND ERDE. RAUSCH UND RITUAL<br \/>\nDiese Abteilung zeigte vielf\u00e4ltige Perspektiven im Umgang mit Tanz: vom faszinierten, kolonialen Blick auf Trancet\u00e4nze der Anderen, \u00fcber westliche, k\u00fcnstlerische Aneignungsformen indigener Tanztraditionen bis hin zu europ\u00e4ischen, christlichen Ritualen und ekstatischen Erlebnissen in der Popkultur. Im Umgang mit der nicht-allt\u00e4glichen, spirituellen Welt spielt Tanz als non-verbales, fl\u00fcchtiges Medium eine zentrale Rolle. [rapture virtual, \u00e8xtasi]. Els dervitxos suf\u00eds, el vud\u00fa. Dansa de St. Vitus. Xamans. Festival fusion a L\u00e4rg.<\/li>\n<li>4. KLUB. SPA\u00df-REBELLION-KOMMERZ<br \/>\nSchnell, schwungvoll oder explosiv, Tanz befreit, provoziert und wird zur Mode. Mit den neuen Rhythmen ihrer Zeit bricht eine Generation nach der anderen aus den herrschenden sozialen Konventionen aus. T\u00e4nze verschieben die Ordnung von Geschlecht, Hautfarbe und Klasse, sie geben neue Impulse f\u00fcr die Kunst und f\u00fcr das Experimentieren mit der eigenen Identit\u00e4t. Robert Longo, figures ballant.<a href=\"https:\/\/en.wikipedia.org\/wiki\/The_Waltz_(Claudel)\"> La valse de Camille Claudel<\/a>. Balls de sal\u00f3 amb Victor Sylvester. Saltant als concerts. Rock&#8217;nroll, Lindy Hop.B-boy. Missy Elliot. Laurent Bourgeois. Flashdance.<\/li>\n<li>5. HEIMATEXOTIK. \u00dcBER GRENZEN<br \/>\nWir verbinden Tanz oft mit der Sehnsucht nach fernen L\u00e4ndern, nach mitrei\u00dfenden Erlebnissen, Leidenschaftlichkeit und Gemeinschaftsgef\u00fchl. T\u00e4nze k\u00f6nnen eine Aura des Exotischen gewinnen und unsere Vorstellungen von Urspr\u00fcnglichkeit best\u00e4tigen. Dances del m\u00f3n.<\/li>\n<li>6. SYSTEM. SPIEGELBILDER DER GESELLSCHAFT<br \/>\nTanzformationen k\u00f6nnen uns viel dar\u00fcber erz\u00e4hlen, wie wir als Menschen in der Gesellschaft zueinander stehen und welche Werte f\u00fcr uns wichtig sind. Wie koordiniert sich der einzelne Mensch und wie synchronisieren sich Gruppen?<\/li>\n<li>[i una sala on uns sensors recollien el moviment del cos i el projectaven al terra i parets, com un rastre]<br \/>\n<hr \/>\n<p>Exposici\u00f3: <a href=\"http:\/\/meumon.synology.me\/museu\/descarregables\/pdfsdansa\/f424dansa_inici.php\">Inici<\/a>\u00a0 | <a href=\"http:\/\/meumon.synology.me\/museu\/descarregables\/pdfsdansa\/f424Exposiciodansa.pdf\">qr exemples<\/a>\u00a0 | \u00a0 <a href=\"http:\/\/meumon.synology.me\/museu\/descarregables\/pdfsdansa\/f424dansa_ballet.php\">El Ballet<\/a>\u00a0 |\u00a0\u00a0 <a href=\"http:\/\/meumon.synology.me\/museu\/descarregables\/pdfsdansa\/f424dansa_musical.php\">El musical<\/a>\u00a0\u00a0 |\u00a0\u00a0 <a href=\"http:\/\/meumon.synology.me\/museu\/descarregables\/pdfsdansa\/f424dansa_ball_social.php\">El ball social<\/a>\u00a0\u00a0 |\u00a0\u00a0 <a href=\"http:\/\/meumon.synology.me\/museu\/descarregables\/pdfsdansa\/f424dansa_estudi.php\">L&#8217;estudi<\/a>\u00a0\u00a0 |\u00a0\u00a0\u00a0 <a href=\"http:\/\/meumon.synology.me\/museu\/descarregables\/pdfsdansa\/f424dansa_pensar.php\">Pensar<\/a><\/li>\n<\/ul>\n","protected":false},"excerpt":{"rendered":"<p>Teatre, Cinema, Dansa\u00a0 |\u00a0 La Dansa\u00a0 | \u00a0Hist\u00f2ria de la dansa | El ballet, hist\u00f2ria\u00a0 posicions i moviments |\u00a0 El musical \u00a0 |\u00a0\u00a0 Estudi de la dansa\u00a0\u00a0 |\u00a0\u00a0 Danses participatives: el swing, la dansa urbana\u00a0 |\u00a0 Altres | El que he vist i el que he ballat\u00a0 | posts cronol\u00f2gic\u00a0 |\u00a0\u00a0\u00a0 posts categoria L&#8217;experi\u00e8ncia de &hellip; <\/p>\n<p class=\"link-more\"><a href=\"http:\/\/meumon.synology.me\/museu\/4-inventari-tot\/42-cultura\/424-teatre-cinema-dansa\/424-dansa\/\" class=\"more-link\">Continue reading<span class=\"screen-reader-text\"> &#8220;424 Dansa&#8221;<\/span><\/a><\/p>\n","protected":false},"author":1,"featured_media":0,"parent":1041,"menu_order":0,"comment_status":"closed","ping_status":"closed","template":"","meta":{"footnotes":""},"_links":{"self":[{"href":"http:\/\/meumon.synology.me\/museu\/wp-json\/wp\/v2\/pages\/1505"}],"collection":[{"href":"http:\/\/meumon.synology.me\/museu\/wp-json\/wp\/v2\/pages"}],"about":[{"href":"http:\/\/meumon.synology.me\/museu\/wp-json\/wp\/v2\/types\/page"}],"author":[{"embeddable":true,"href":"http:\/\/meumon.synology.me\/museu\/wp-json\/wp\/v2\/users\/1"}],"replies":[{"embeddable":true,"href":"http:\/\/meumon.synology.me\/museu\/wp-json\/wp\/v2\/comments?post=1505"}],"version-history":[{"count":0,"href":"http:\/\/meumon.synology.me\/museu\/wp-json\/wp\/v2\/pages\/1505\/revisions"}],"up":[{"embeddable":true,"href":"http:\/\/meumon.synology.me\/museu\/wp-json\/wp\/v2\/pages\/1041"}],"wp:attachment":[{"href":"http:\/\/meumon.synology.me\/museu\/wp-json\/wp\/v2\/media?parent=1505"}],"curies":[{"name":"wp","href":"https:\/\/api.w.org\/{rel}","templated":true}]}}