{"id":376,"date":"2018-01-19T18:52:54","date_gmt":"2018-01-19T18:52:54","guid":{"rendered":"http:\/\/192.168.1.40\/museu\/?page_id=376"},"modified":"2025-11-15T18:22:14","modified_gmt":"2025-11-15T18:22:14","slug":"1-contemplacio","status":"publish","type":"page","link":"http:\/\/meumon.synology.me\/museu\/1-contemplacio\/","title":{"rendered":"Entrada, informaci\u00f3 pr\u00e0ctica"},"content":{"rendered":"<div class=\"ab-item ab-empty-item\" tabindex=\"-1\">\n<form id=\"adminbarsearch\" action=\"http:\/\/meumon.synology.me\/museu\/\" method=\"get\"><input id=\"adminbar-search\" class=\"adminbar-input\" maxlength=\"150\" name=\"s\" type=\"text\" value=\"\" \/><label class=\"screen-reader-text\" for=\"adminbar-search\">Search<\/label><\/form>\n<\/div>\n<hr \/>\n<p><a href=\"http:\/\/meumon.synology.me\/museu\/fonsimatges\/illustracions\/contemplacio.jpg\"><img decoding=\"async\" class=\"alignnone wp-image-595 size-large\" src=\"http:\/\/meumon.synology.me\/museu\/fonsimatges\/illustracions\/contemplacio.jpg\" \/><\/a><br \/>\nEl pati que acull la visita, on sempre fa bo d&#8217;estar-s&#8217;hi una estona encara que no entrem a fer una visita llarga.<\/p>\n<p><a href=\"http:\/\/meumon.synology.me\/museu\/entrada-com-estic\/\">Entrada<\/a>: On ens preparem per la visita, si cal, rentant-nos i descansant.<\/p>\n<p><a href=\"http:\/\/meumon.synology.me\/museu\/ara-i-aqui\/\">Ara i aqu\u00ed<\/a>: Un pati des d&#8217;on considerem el que est\u00e0 passant al voltant nostre, m\u00e9s enll\u00e0 en l&#8217;espai i el temps, i el que est\u00e0 passant dins nostre.<\/p>\n<p><a href=\"http:\/\/meumon.synology.me\/museu\/sis-contemplacions\/\">Sis contemplacions<\/a>: l&#8217;univers i la mat\u00e8ria que em forma, l&#8217;evoluci\u00f3 i la hist\u00f2ria fin a mi, el meu cos i el meu relat reconstruint-se, el sagrat.<\/p>\n<hr \/>\n<p><a href=\"http:\/\/meumon.synology.me\/museu\/2v-la-vida-el-que-he-viscut\/\">La vida<\/a>, <a href=\"http:\/\/meumon.synology.me\/museu\/3-el-meu-mon\/\">el meu m\u00f3n<\/a><\/p>\n<hr \/>\n<p><a href=\"http:\/\/meumon.synology.me\/museu\/4-inventari-tot\/\">Inventari de tot<\/a> Un inventari de tot el que ha existit. Univers, la terra i la vida, hist\u00f2ria, la vida humana, cultura. <a href=\"http:\/\/meumon.synology.me\/museu\/4-inventari-tot\/4e-explorant-espais\/\">Explorant espais<\/a>. <a href=\"http:\/\/meumon.synology.me\/museu\/4-inventari-tot\/4i-inventari\/\">Inventari<\/a>.<\/p>\n<p>[esborrany un octagon:<\/p>\n<p>hist\u00f2ria\u00a0\u00a0\u00a0\u00a0\u00a0\u00a0\u00a0\u00a0 vida\u00a0\u00a0\u00a0\u00a0\u00a0\u00a0\u00a0\u00a0\u00a0\u00a0 Palau Mem\u00f2ria<\/p>\n<p>terra i vida\u00a0\u00a0 [\u00a0 ara i aqu\u00ed ] \u00a0 la vida humana<\/p>\n<p>univers \u00a0 \u00a0 \u00a0 \u00a0 \u00a0 \u00a0\u00a0 entrada \u00a0 \u00a0 \u00a0 \u00a0\u00a0 cultura<\/p>\n<p>&nbsp;<\/p>\n<p>els de baix s\u00f3n models culturals, terra i vida humana \u00e9s el m\u00f3n donat a fora a dins.<\/p>\n<p>&nbsp;<\/p>\n<ul>\n<li>entrada, preparaci\u00f3, al mig i els cercles conc\u00e8ntrics<\/li>\n<li>esquerre: el que trobem a fora, natura &gt; els h\u00e0bitats inici exploraci\u00f3 natura, enlla\u00e7 EDalt els grups i els arxius per reconstruir la hist\u00f2ria, enlla\u00e7, enlla\u00e7 EBaix el que trobem reescrit per la ci\u00e8ncia<\/li>\n<li>dreta: el que trobem a dins, la meva experi\u00e8ncia + el que hi fem correspondre del cos (medecina i cervell), observaci\u00f3 dels altres, enlla\u00e7 a Dalt enlla\u00e7 a DDalt el meum\u00f3n<\/li>\n<li>ED observaci\u00f3 dels grups, teories, hist\u00f2ria reconstrudia, museu de les biografies, enlla\u00e7 a DB cultura al llarg de la hist\u00f2ria<\/li>\n<li>EB models del m\u00f3n que observem, astronomia, cossos, mec\u00e0nica, elements, qu\u00e0ntica, mates com a generalitzaci\u00f3 del comptar coses i mesurar l&#8217;espai<\/li>\n<li>D la meva vida, el cercle de Tralfamadore, etapes de la meva vida, enlla\u00e7 al Ddalt, el meum\u00f3n, instants<\/li>\n<li>Ddalt el meumon, instants, galeries d&#8217;art, concerts de m\u00fasica particulars<\/li>\n<li>Dbaix, la cultura, amb enlla\u00e7 al meumon art i m\u00fasica (no instants biogr\u00e0fics)<\/li>\n<\/ul>\n<p>&nbsp;<\/p>\n<p>[posar tamb\u00e9 la simetria \u00a0 de\u00a0\u00a0\u00a0 instant, vida meva, ha, ha terra, ha univers<\/p>\n<hr \/>\n<p><a href=\"http:\/\/meumon.synology.me\/museu\/5-informacio-practica\/\">Informaci\u00f3 pr\u00e0ctica<\/a> ( <a href=\"http:\/\/meumon.synology.me\/museu\/5-informacio-practica\/5-meta-manteniment-del-museu\/\">Manteniment<\/a>\u00a0) . <a href=\"http:\/\/meumon.synology.me\/museu\/index\/\">\u00cdndex<\/a>, <a href=\"http:\/\/meumon.synology.me\/museu\/index-alfabetic\/\">\u00cdndex alfab\u00e8tic<\/a><\/p>\n<p>&nbsp;<\/p>\n","protected":false},"excerpt":{"rendered":"<p>Search El pati que acull la visita, on sempre fa bo d&#8217;estar-s&#8217;hi una estona encara que no entrem a fer una visita llarga. Entrada: On ens preparem per la visita, si cal, rentant-nos i descansant. Ara i aqu\u00ed: Un pati des d&#8217;on considerem el que est\u00e0 passant al voltant nostre, m\u00e9s enll\u00e0 en l&#8217;espai i &hellip; <\/p>\n<p class=\"link-more\"><a href=\"http:\/\/meumon.synology.me\/museu\/1-contemplacio\/\" class=\"more-link\">Continue reading<span class=\"screen-reader-text\"> &#8220;Entrada, informaci\u00f3 pr\u00e0ctica&#8221;<\/span><\/a><\/p>\n","protected":false},"author":1,"featured_media":0,"parent":0,"menu_order":0,"comment_status":"closed","ping_status":"closed","template":"","meta":{"footnotes":""},"_links":{"self":[{"href":"http:\/\/meumon.synology.me\/museu\/wp-json\/wp\/v2\/pages\/376"}],"collection":[{"href":"http:\/\/meumon.synology.me\/museu\/wp-json\/wp\/v2\/pages"}],"about":[{"href":"http:\/\/meumon.synology.me\/museu\/wp-json\/wp\/v2\/types\/page"}],"author":[{"embeddable":true,"href":"http:\/\/meumon.synology.me\/museu\/wp-json\/wp\/v2\/users\/1"}],"replies":[{"embeddable":true,"href":"http:\/\/meumon.synology.me\/museu\/wp-json\/wp\/v2\/comments?post=376"}],"version-history":[{"count":0,"href":"http:\/\/meumon.synology.me\/museu\/wp-json\/wp\/v2\/pages\/376\/revisions"}],"wp:attachment":[{"href":"http:\/\/meumon.synology.me\/museu\/wp-json\/wp\/v2\/media?parent=376"}],"curies":[{"name":"wp","href":"https:\/\/api.w.org\/{rel}","templated":true}]}}