{"id":975,"date":"2019-01-11T09:52:53","date_gmt":"2019-01-11T09:52:53","guid":{"rendered":"http:\/\/meumon.synology.me\/museu\/?page_id=975"},"modified":"2019-01-11T09:52:53","modified_gmt":"2019-01-11T09:52:53","slug":"422h-historia-de-la-literatura","status":"publish","type":"page","link":"http:\/\/meumon.synology.me\/museu\/4-inventari-tot\/42-cultura\/422-literatura\/422h-historia-de-la-literatura\/","title":{"rendered":"422h Hist\u00f2ria de la literatura"},"content":{"rendered":"<p>La narraci\u00f3 oral<br \/>\nPrimeres cultures, epopeies<br \/>\nLiteratura asi\u00e0tica antiga<br \/>\nGr\u00e8cia i Roma: L\u00edrica, Homer, S\u00f2focles, Virgili, Horaci, Ovidi [rotlles][codex]<br \/>\nEuropa Medieval: trobadors, escol\u00e0stica, DANTE<br \/>\nsXVI L&#8217;Humanisme: Petrarca, Erasme, Montaigne [llibres impresos]<br \/>\nsXVII: Shakespeare, Cervantes, Racine<br \/>\nLiteratura asi\u00e0tica moderna: Matsuo Basho<br \/>\nsXVIII: La il\u00b7lustraci\u00f3: Rousseau, Defoe, Swift, Goethe<br \/>\ns XIXa El romanticisme: H\u00f6lderlin, Keats, Wordsworth<br \/>\nsXIXb Realisme: Flaubert, Dickens, Walt Whitman, Chekhov, Ibsen<br \/>\nsXX Avantguarda<br \/>\nMeta: invariants en els temes i les formes<\/p>\n<p>Literatura dins de cada cultura, per a qu\u00e8 serveix, demanda i oferta, creaci\u00f3 autor i consum (oral, lectura, representaci\u00f3). Veure els formats originals com el museu de Dublin, els rotlles, els originals impresos. [Dibuixar una meva de llibreria global virtual amb tots els llilbres que han existit, i assenyalar la petita part que n&#8217;he conegut]<\/p>\n<hr \/>\n<p>Narraci\u00f3 oral popular<\/p>\n<hr \/>\n<p>Primeres cultures, epopeies<br \/>\n[papirs] Gilgamesh, antic testament<\/p>\n<hr \/>\n<p>Literatura asi\u00e0tica antiga<\/p>\n<p>El canon Pali<br \/>\nKalidasa, Confuci<\/p>\n<p>Els contes de les mil i una nits<\/p>\n<hr \/>\n<p>Gr\u00e8cia, Roma<\/p>\n<p>Les epopeies: Homer, la Il\u00b7l\u00edada i l&#8217;Odissea Homer en grec antic:\u00a0<a href=\"https:\/\/www.youtube.com\/watch?v=nx60kQrEl9Q\">https:\/\/www.youtube.com\/watch?v=nx60kQrEl9Q<\/a><br \/>\nEls poetes [recitats en banquets?] L\u00edrics grecs, Sol\u00f3 [veure cites]<br \/>\nEls drames [representat al teatre] \u00c8squil. S\u00f2focles, Eur\u00edpides<br \/>\nEls di\u00e0legs de Plat\u00f3<\/p>\n<p>Virgili, Horaci, Ovidi<br \/>\nS\u00e8neca<\/p>\n<hr \/>\n<p>Europa medieval<\/p>\n<p>[la lectura als monestirs: in silentio, en veu baixa que servia tamb\u00e9 per meditar: ruminatio, i en veu alta a la lit\u00fargia &#8211; que suposo que les vespres dels monjos v\u00e9nen d&#8217;aqu\u00ed]<\/p>\n<p>Sant Agust\u00ed<br \/>\nRamon Llull llibre d&#8217;amic e amat<br \/>\nDANTE<\/p>\n<p>Els trobadors [recitat] Sagues heroiques [Isl\u00e0ndia], can\u00e7ons de gesta, Ausias March, [Tirant lo blanc]<\/p>\n<p>Drames religioses, els misteris<\/p>\n<p>El Cor\u00e0, el Talmud, La C\u00e0bala<\/p>\n<hr \/>\n<p>sXVI L&#8217;Humanisme<\/p>\n<p>La impremta, les<a href=\"https:\/\/en.wikipedia.org\/wiki\/Editio_princeps\"> edicions princeps<\/a>\u00a0\u00a0 [aparici\u00f3 de la lectura silenciosa-privada]<\/p>\n<p>Les <a href=\"https:\/\/en.wikipedia.org\/wiki\/Book_size\">mides dels llibres<\/a>. S&#8217;imprimia un full pels dos costats que despr\u00e9s es plegava (quarto, octavo) , sense plegar seria el folio (305&#215;483 aprox un A3 297 420), les edicions en octau eren les que es podien dur a la butxaca. Les <a href=\"https:\/\/en.wikipedia.org\/wiki\/Paper_size\">mides modernes<\/a> dels papers segueixen una proporci\u00f3 de 1 (2)^1\/2, de manera que les successives divisions mantenen la proporci\u00f3.<\/p>\n<p>Petrarca, Bocaccio, Ariosto<br \/>\nErasme, Rabelais, Montaigne<\/p>\n<hr \/>\n<p>sXVII<\/p>\n<p>SHAKESPARE 1564-1616<\/p>\n<p>CERVANTES 1547 &#8211; 1616<br \/>\nG\u00f3ngora, Quevedo, Fray Luis de Le\u00f3n, Calder\u00f3n<\/p>\n<p>Corneille, Racine, Moli\u00e8re, Pascal, La Bruy\u00e8re<\/p>\n<hr \/>\n<p>Literatura asi\u00e0tica moderna: Matsuo Basho<\/p>\n<hr \/>\n<p>sXVIII La il\u00b7lustraci\u00f3<\/p>\n<p>Daniel Defoe: Robinson Crusoe, Jonathan Swift Gulliver&#8217;s travels<\/p>\n<p>Rousseau<\/p>\n<p>[Hist\u00f2ria de la lectura. De mitjans del sxviii al xix, tothom comen\u00e7a a llegir, diaris, novel\u00b7les, Anglaterra, FRan\u00e7a i Alemanya floreixen les biblioteques p\u00fabliques]<\/p>\n<hr \/>\n<p>sXIX Romanticisme<\/p>\n<p>Goethe 1749 &#8211; 1832<\/p>\n<p>H\u00f6lderlin 1770 &#8211; 1843<\/p>\n<p>Keats, Lord Byron, Wordsworth, Shelley<\/p>\n<p>Victor Hugo<\/p>\n<p>Leopardi, Manzoni<\/p>\n<p>&nbsp;<\/p>\n<hr \/>\n<p>sXIX Realisme: Flaubert, Dickens, Walt Whitman, Chekhov, Ibsen<\/p>\n<p>[apareixen nous tipus de lectors, dones, nens, obrers]<\/p>\n<p>Stendhal, Balzac, Dumas, Flaubert<br \/>\nDickens<\/p>\n<p>Hawthorne, Walt Whitman, Mark Twain, Raph Waldo Emerson<\/p>\n<p>Pushkin, Tolstoi, Gogol, Chekhov, Dostoievski, Turgeniev<\/p>\n<p>Ibsen, Strindberg<\/p>\n<hr \/>\n<p>sXX<\/p>\n<p>Zola, Baudelaire, Verlaine, Mallarm\u00e9, Paul Valery, PROUST<\/p>\n<p>Rilke, Thomas Mann<\/p>\n<p>Stevenson, Thomas Hardy, Joseph Conrad, Joyce<\/p>\n<p>Saul Bellow, NABOKOV<\/p>\n<p>Maragall, XIX: Sebasti\u00e0 Juan d&#8217;Arb\u00f3: terres de l&#8217;Ebre, Joan Sales (Incerta Gl\u00f2ria)<\/p>\n<p>&nbsp;<\/p>\n<hr \/>\n<p>Metaan\u00e0lisi [veure brit\u00e0nica]<\/p>\n<p>[Notes meves: la literatura comn a laboratori de la imaginaci\u00f3 veure poema W Szymborska. Literatura: Els cient\u00edfics experimenten amb \u00e0toms i sistemes f\u00edsics macrosc\u00f2pics. Els psic\u00f2legs experimenten amb &#8220;\u00e0toms humans&#8221;, percepcions, aprenentatges d&#8217;una pauta de conducta. Qui experimenta amb l&#8217;home com a tal, \u00e9s a dir, amb la hist\u00f2ria humana? Els escriptors i guionistes serien l&#8217;equivalent dels f\u00edsics te\u00f2rics aix\u00f2 vol dir que la condici\u00f3 humana t\u00e9 una estructura dram\u00e0tica]. Ells fan de D\u00e9u o demiurg, en les seves obres recompensaran el just despr\u00e9s d&#8217;obstacles, mostraran l&#8217;absurd de la vida, etc. Despr\u00e9s la vida de cada u \u00e9s un experiment \u00fanic i irrepetible.<\/p>\n<p>Poesia: els temes de la poesia l\u00edrica (comuni\u00f3 amb la natura, el pas de les estacions, viure el moment, l&#8217;amor i el desamor, la vellesa, la mort), pros\u00f2dia: els alexandrins, el sonet.<br \/>\n\u00c8pica: gestes heroiques [continua en els herois de c\u00f2mic de la MArvel?] Homer, Mahabarata. Herois, sacerdots, productors de b\u00e9ns. Eneida. Els cavallers de la taula rodona.<br \/>\nFaula i alegoria: Lafontaine, viatges Gulliver<br \/>\nBalades, Romance: Tristany i Isolda, Sagas<br \/>\nNovel\u00b7la. Contes<br \/>\nDrama.<\/p>\n<p>&nbsp;<\/p>\n<p>&nbsp;<\/p>\n","protected":false},"excerpt":{"rendered":"<p>La narraci\u00f3 oral Primeres cultures, epopeies Literatura asi\u00e0tica antiga Gr\u00e8cia i Roma: L\u00edrica, Homer, S\u00f2focles, Virgili, Horaci, Ovidi [rotlles][codex] Europa Medieval: trobadors, escol\u00e0stica, DANTE sXVI L&#8217;Humanisme: Petrarca, Erasme, Montaigne [llibres impresos] sXVII: Shakespeare, Cervantes, Racine Literatura asi\u00e0tica moderna: Matsuo Basho sXVIII: La il\u00b7lustraci\u00f3: Rousseau, Defoe, Swift, Goethe s XIXa El romanticisme: H\u00f6lderlin, Keats, Wordsworth sXIXb &hellip; <\/p>\n<p class=\"link-more\"><a href=\"http:\/\/meumon.synology.me\/museu\/4-inventari-tot\/42-cultura\/422-literatura\/422h-historia-de-la-literatura\/\" class=\"more-link\">Continue reading<span class=\"screen-reader-text\"> &#8220;422h Hist\u00f2ria de la literatura&#8221;<\/span><\/a><\/p>\n","protected":false},"author":1,"featured_media":0,"parent":946,"menu_order":0,"comment_status":"closed","ping_status":"closed","template":"","meta":{"footnotes":""},"_links":{"self":[{"href":"http:\/\/meumon.synology.me\/museu\/wp-json\/wp\/v2\/pages\/975"}],"collection":[{"href":"http:\/\/meumon.synology.me\/museu\/wp-json\/wp\/v2\/pages"}],"about":[{"href":"http:\/\/meumon.synology.me\/museu\/wp-json\/wp\/v2\/types\/page"}],"author":[{"embeddable":true,"href":"http:\/\/meumon.synology.me\/museu\/wp-json\/wp\/v2\/users\/1"}],"replies":[{"embeddable":true,"href":"http:\/\/meumon.synology.me\/museu\/wp-json\/wp\/v2\/comments?post=975"}],"version-history":[{"count":0,"href":"http:\/\/meumon.synology.me\/museu\/wp-json\/wp\/v2\/pages\/975\/revisions"}],"up":[{"embeddable":true,"href":"http:\/\/meumon.synology.me\/museu\/wp-json\/wp\/v2\/pages\/946"}],"wp:attachment":[{"href":"http:\/\/meumon.synology.me\/museu\/wp-json\/wp\/v2\/media?parent=975"}],"curies":[{"name":"wp","href":"https:\/\/api.w.org\/{rel}","templated":true}]}}